isor of u and z?
11
Let r be (-2*2)/(-1) - (-355 + 348). Let f = 21 - 10. Calculate the highest common divisor of f and r.
11
Let n be 73 - ((-14)/(-28) - (-30)/(-4)). Calculate the greatest common factor of 368 and n.
16
Let b be (-9)/45 + (-42)/(-10). Suppose b*z - 25 = 119. Let m = -81 + 93. What is the greatest common factor of z and m?
12
Let l(x) = x**2 - 12*x. Let r be l(12). Suppose 2*q - 4*q + 30 = r. Suppose 2*g = 4*g - 10. What is the greatest common divisor of q and g?
5
Let a(q) = -q**3 - 18*q**2 - 68*q - 7. Let h be a(-5). What is the highest common factor of 104 and h?
8
Let n be (-3944)/(-51) + (-4)/12. Calculate the highest common factor of 56 and n.
7
Suppose 4*f - 8 - 50 = b, 5*f - 2*b = 71. Suppose 11*k - 4 = 656. What is the highest common factor of f and k?
15
Let j = -23 - -21. Let b be ((-2)/4)/(j/44). Let k be 0 + -4 + 2 - -79. What is the greatest common divisor of k and b?
11
Suppose 0 = 10*j - j - 162. Let d be (j/(-27))/(4/(-462)). Calculate the greatest common divisor of d and 7.
7
Suppose -l = h - 2*h - 1, -3*h + 4*l = 8. Calculate the greatest common factor of h and 2.
2
Suppose 23*a = 30*a - 35. Calculate the highest common divisor of 55 and a.
5
Let c(l) = l**2 + 8*l + 2. Let y be c(-11). Let d(m) = -14*m**3 - 2*m + 1. Let p be d(-3). Calculate the highest common factor of p and y.
35
Let u(t) = -t + 7*t + 1 - 43*t**3 + 7*t**3 - 4*t. Let g be u(-1). Calculate the highest common factor of g and 5.
5
Let s = 724 - 680. Calculate the highest common factor of 22 and s.
22
Suppose 15 = 4*m + 3*o, -4*m = 2*o - o - 13. Suppose 0 = -m*l + 2*l + 156. Calculate the highest common factor of l and 26.
26
Let x(a) = a + 2*a + 10 - a. Let m be x(0). What is the greatest common divisor of 15 and m?
5
Suppose 2*y + 2*z - 470 = 0, -2*z = 2*y + 2*z - 472. Let k be (-4)/6 + y/27. Calculate the highest common divisor of 88 and k.
8
Suppose -3*p = -3*a - 15, 2*a - 4 = -5*p + 21. Let o be ((-1 + 5)/(-2))/1. Let s = o + p. What is the greatest common factor of 9 and s?
3
Let q(c) = -c**3 - 5*c**2 + 25*c + 12. Let a be q(-8). Calculate the highest common divisor of 62 and a.
2
Let o be ((-11)/(-13) - 1) + 3152/208. Calculate the greatest common divisor of o and 195.
15
Let b = -84 + 1. Let a be 3/18 + b/(-6). Suppose 0 = -3*j + 7*j - 504. Calculate the highest common factor of j and a.
14
Let i(k) = -2*k - 3*k - 2 + 3 - 8. Suppose -28 = 4*t + 3*l, -4*t = -3*l + 35 - 7. Let j be i(t). What is the greatest common factor of 14 and j?
14
Suppose -4*a + 8*a - 324 = 0. Let u = a - 57. What is the greatest common divisor of 60 and u?
12
Let r = 92 + -154. Let j = -37 - r. What is the highest common divisor of j and 225?
25
Suppose -5*c = -12 + 132. Let a = -10 - c. Let t(l) = 4*l**2 - 5*l - 2. Let y be t(4). What is the greatest common divisor of y and a?
14
Suppose -18*h + 58 = -50. Suppose -2*w + h*w = 72. What is the highest common divisor of 144 and w?
18
Let w(g) = 2*g**3 - 4*g**2 + 3*g. Let r be w(2). What is the highest common factor of 42 and r?
6
Suppose 63*k = 67*k - 192. What is the highest common divisor of 44 and k?
4
Let l(h) = -h**3 - 44*h**2 - 85*h - 9. Let w be l(-42). Calculate the greatest common factor of w and 561.
33
Let v = 387 - 279. Calculate the highest common factor of 756 and v.
108
Let h be (-2)/(-5) - 688/20. Let r be (-1)/((90/(-117))/(-10)). Let n = r - h. What is the highest common divisor of n and 3?
3
Suppose -2*l = -3*y - 93, 5*l + y = -4*y + 220. Suppose -3*m + 93 = 5*i, 0 = i - m - 14 - 3. What is the highest common divisor of l and i?
9
Suppose -26*i + 1680 = -22*i. Calculate the greatest common divisor of 252 and i.
84
Let y = -15 - -19. Suppose y*c - 6 = 2. Let h be 32/c - (-3)/(-1). Calculate the highest common factor of 26 and h.
13
Let g(n) = 2*n**2 + 18*n + 3. Let v be g(-9). Suppose -v*b - 4*b + 238 = 0. Suppose 5*s - 314 + b = 0. Calculate the greatest common divisor of 8 and s.
8
Let x(o) = -o**2 - 2*o + 4. Let w be x(-4). Let p be 4*(3 + w) + 25. Let z = 69 + p. Calculate the highest common divisor of 15 and z.
15
Let g = 60 + -60. Let a = -22 + 66. Suppose 6 = -4*z + z, -4*f + 2*z + a = g. Calculate the greatest common divisor of f and 10.
10
Let c be 2/6 + 47/3. Suppose -2*k + 5*a + 73 = 0, -4*a = 11*a + 75. What is the highest common factor of c and k?
8
Suppose -3*o + 116 = -0*z - 4*z, 0 = -2*z - 4. Calculate the highest common divisor of o and 27.
9
Let x(a) = -12 - a + 15 - 7*a - a**2. Let y be x(-7). What is the highest common factor of y and 110?
10
Suppose 23*r + 240 = 18*r. Let m = r - -80. Let s = 17 - 9. What is the greatest common divisor of m and s?
8
Let k(b) = b**3 - 23*b**2 + 44*b - 28. Let r be k(21). Calculate the greatest common factor of 56 and r.
14
Suppose 9*a + 12 = 13*a + 2*j, 5*j = 0. Let f be (a + 18/(-10))*40/3. What is the greatest common factor of f and 80?
16
Suppose 24 = 2*m - 28. Suppose 4*b + m = 3*g, 31 = g + 2*g - 5*b. Suppose -g*z = 3*l - 52, -z + 24 = -3*l - 2. What is the highest common factor of 13 and z?
13
Let x = 138 - -192. Let w(v) = v**3 + 23*v**2 - 81*v - 48. Let t be w(-26). What is the highest common factor of t and x?
30
Suppose 81*z = 86*z - 5*m - 45, 51 = 5*z + m. What is the highest common factor of 615 and z?
5
Let j be 918/3 + ((-66)/(-11) - 13). What is the greatest common divisor of 46 and j?
23
Let j be (10/15)/((-1)/(-3)). Suppose -3*z + 3*d = j*d - 311, 0 = -d + 4. Let r = -24 - -39. Calculate the greatest common divisor of r and z.
15
Suppose 29*k - 458 = 586. What is the greatest common factor of k and 684?
36
Suppose 4*w + 2*m - 2 = 0, 0*w = 3*w + 3*m. Suppose 4*p + w = 13. Calculate the greatest common divisor of 21 and p.
3
Let u be 58 + 1 - 192/(-32). Calculate the highest common factor of 52 and u.
13
Let y(b) = 12*b**2 + 98*b - 12. Let n be y(-9). Calculate the greatest common divisor of 234 and n.
78
Suppose -4*d + 15 = -j, 4*d - 3*j - 15 = 2*d. Let a be (13/(-39))/(1/(-3)). What is the greatest common factor of a and d?
1
Let p(d) = -5*d**3 - 5*d**2 + 22*d + 150. Let r be p(-6). Calculate the greatest common factor of 54 and r.
54
Let t be 2*((-2)/4 - -1). Let a = 25 + -17. Let p be a/6 - (-22)/33. Calculate the highest common factor of p and t.
1
Let k = -316 - -108. Let v = k + 320. What is the greatest common factor of 14 and v?
14
Suppose 0 = -2*f + 77 - 25. Calculate the greatest common divisor of f and 26.
26
Suppose -5*d + 3*m = -487, 3*d - 2*d + m - 99 = 0. Suppose 130*c - 122 = 1698. What is the highest common divisor of c and d?
14
Let w be (-28)/(-6) + (-22)/33. Let v be 15*((-156)/(-15) - w). What is the highest common factor of v and 24?
24
Let x = 236 - 172. Calculate the highest common factor of x and 448.
64
Let u(i) = -i**2 + 14*i + 5. Let g be u(5). Let o be -1 + (g - (2 + 1)). What is the highest common divisor of o and 322?
46
Let r(k) = -3*k - 13. Let w be r(-11). Suppose c - 15 = -2*c. What is the greatest common factor of w and c?
5
Let a = 443 - 187. What is the highest common divisor of 8 and a?
8
Let p(k) = 3*k**2 + k - 2. Let v be ((-8)/10)/((-8)/20). Let m be p(v). Suppose -12 = 7*s - 8*s. Calculate the greatest common divisor of s and m.
12
Let t(y) = 13*y**3 - 3*y**2 + 2*y - 1. Let f be t(-2). Let m be (-14)/42 + f/(-3). What is the greatest common divisor of 10 and m?
10
Let q = -3606 - -3607. Let x(k) = k**2 + 2*k - 5. Let y be x(-4). Calculate the highest common factor of q and y.
1
Let b(y) = 7*y**2 + y - 2. Let l be b(1). Suppose -l*h = -248 - 82. Calculate the highest common factor of h and 22.
11
Let s(i) = i**3 + 60*i**2 + 36*i - 24. Let r be s(-59). Calculate the greatest common divisor of 43 and r.
43
Let z = -160 + 226. What is the greatest common divisor of z and 22?
22
Suppose 0 = 27*v - 366 - 66. Let c = -15 + 10. Let p = c + v. Calculate the greatest common factor of p and 11.
11
Suppose 4*a + 424 = 2*i, i + 118 - 324 = -a. Calculate the highest common factor of i and 16.
16
Let v = -105 - -100. Let c be ((-54)/30)/(-3) - 447/v. What is the greatest common divisor of c and 60?
30
Let p be 7 + (-7 + 15 - -15). Calculate the greatest common divisor of p and 15.
15
Let w = 553 + -421. What is the greatest common divisor of w and 156?
12
Suppose 20 + 71 = 13*k. Let y = k - -8. L